.
1344
Calculate the remainder when 342832358 is divided by 20.
18
What is the remainder when 23417515 is divided by 9860?
15
Calculate the remainder when 16308916 is divided by 611.
104
Calculate the remainder when 10885 is divided by 72.
13
What is the remainder when 616767 is divided by 85?
7
Calculate the remainder when 121591286 is divided by 23.
15
What is the remainder when 5957779 is divided by 225?
4
Calculate the remainder when 54920771 is divided by 196.
3
Calculate the remainder when 221453 is divided by 109.
74
Calculate the remainder when 685399 is divided by 596.
595
Calculate the remainder when 120293 is divided by 771.
17
Calculate the remainder when 210554 is divided by 210516.
38
What is the remainder when 73123382 is divided by 877?
876
Calculate the remainder when 87414 is divided by 526.
98
What is the remainder when 33785423 is divided by 1791?
1790
Calculate the remainder when 516963 is divided by 258459.
45
Calculate the remainder when 5477179 is divided by 322181.
102
Calculate the remainder when 17213538 is divided by 107.
20
Calculate the remainder when 122828818 is divided by 1806306.
10
What is the remainder when 127345 is divided by 68?
49
What is the remainder when 219826161 is divided by 11?
5
Calculate the remainder when 170726 is divided by 83201.
4324
Calculate the remainder when 6864713 is divided by 401.
395
What is the remainder when 5746705 is divided by 84?
13
What is the remainder when 2548630 is divided by 63688?
1110
Calculate the remainder when 89572 is divided by 1783.
422
Calculate the remainder when 90615005 is divided by 1208200.
5
Calculate the remainder when 4340655 is divided by 4340649.
6
Calculate the remainder when 4495008 is divided by 65.
63
Calculate the remainder when 85120508 is divided by 8512047.
38
What is the remainder when 38087942 is divided by 5129?
5117
What is the remainder when 2475780 is divided by 577?
450
What is the remainder when 2407805 is divided by 303?
167
Calculate the remainder when 351585 is divided by 351012.
573
What is the remainder when 36251602 is divided by 169?
88
What is the remainder when 2280285 is divided by 650?
85
Calculate the remainder when 431748156 is divided by 347.
346
What is the remainder when 166275 is divided by 2737?
2055
What is the remainder when 10179227 is divided by 3393056?
59
Calculate the remainder when 160659 is divided by 6431.
6315
What is the remainder when 183659585 is divided by 38?
37
What is the remainder when 4239191 is divided by 1507?
0
What is the remainder when 7380507 is divided by 15?
12
Calculate the remainder when 14505005 is divided by 8036.
25
What is the remainder when 20291227 is divided by 4136?
11
What is the remainder when 4359618 is divided by 2179804?
10
Calculate the remainder when 1382232050 is divided by 436.
434
Calculate the remainder when 33154 is divided by 7423.
3462
Calculate the remainder when 67000313 is divided by 17.
15
What is the remainder when 15488967 is divided by 18?
3
What is the remainder when 507540 is divided by 71?
32
Calculate the remainder when 720505 is divided by 1942.
23
What is the remainder when 1348078 is divided by 269611?
23
Calculate the remainder when 2533410459 is divided by 14.
13
What is the remainder when 3273191 is divided by 141?
17
Calculate the remainder when 22918657 is divided by 716208.
1
Calculate the remainder when 78423043 is divided by 28.
27
What is the remainder when 239938 is divided by 5105?
3
What is the remainder when 100833 is divided by 4578?
117
What is the remainder when 53403 is divided by 46333?
7070
Calculate the remainder when 10745648 is divided by 383773.
4
What is the remainder when 9682566 is divided by 573?
12
What is the remainder when 86786 is divided by 2300?
1686
Calculate the remainder when 781780521 is divided by 390890257.
7
Calculate the remainder when 207864 is divided by 960.
504
Calculate the remainder when 1637077 is divided by 1513.
11
Calculate the remainder when 733882 is divided by 5149.
2724
Calculate the remainder when 11098724 is divided by 59.
57
What is the remainder when 1053413 is divided by 210659?
118
What is the remainder when 38040388 is divided by 3170030?
28
Calculate the remainder when 43743 is divided by 20850.
2043
What is the remainder when 5543250 is divided by 39594?
90
Calculate the remainder when 225427 is divided by 4594.
321
What is the remainder when 1333990 is divided by 469?
154
Calculate the remainder when 320858 is divided by 140.
118
What is the remainder when 56468 is divided by 6166?
974
Calculate the remainder when 6955958 is divided by 440.
438
Calculate the remainder when 3112 is divided by 958.
238
Calculate the remainder when 134063 is divided by 133762.
301
Calculate the remainder when 3140784 is divided by 76.
8
Calculate the remainder when 1642498 is divided by 271.
238
What is the remainder when 110449408 is divided by 1600716?
4
What is the remainder when 57949 is divided by 57735?
214
Calculate the remainder when 615510 is divided by 22.
16
Calculate the remainder when 67649740 is divided by 719678.
8
Calculate the remainder when 699839 is divided by 45.
44
Calculate the remainder when 588244679 is divided by 648.
647
Calculate the remainder when 1883343 is divided by 15563.
220
Calculate the remainder when 41940479 is divided by 15.
14
Calculate the remainder when 425193 is divided by 1587.
1464
Calculate the remainder when 21665171 is divided by 555517.
8
What is the remainder when 1243785 is divided by 285?
45
Calculate the remainder when 624330 is divided by 4659.
24
What is the remainder when 8548810 is divided by 1388?
118
Calculate the remainder when 24299781 is divided by 2232.
2229
Calculate the remainder when 155636 is divided by 16.
4
What is the remainder when 8846680 is divided by 1242?
1156
Calculate the remainder when 827421344 is divided by 2652.
2648
What is the remainder when 965871 is divided by 18?
9
Calculate the remainder when 85609435 is divided by 760.
755
Calculate the remainder when 67840 is divided by 1990.
180
What is the remainder when 71537019 is divided by 3307?
3302
What is the remainder when 777743 is divided by 155487?
308
Calculate the remainder when 59970 is divided by 2399.
2394
Calculate the remainder when 98721 is divided by 86.
79
Calculate the remainder when 105858761 is divided by 7613.
7609
Calculate the remainder when 3105677 is divided by 238894.
55
What is the remainder when 8308859 is divided by 190?
159
Calculate the remainder when 137260 is divided by 22.
2
Calculate the remainder when 31941853 is divided by 658.
559
What is the remainder when 5694126 is divided by 13525?
101
What is the remainder when 39722379 is divided by 20?
19
Calculate the remainder when 13057791 is divided by 4352583.
42
What is the remainder when 2576642 is divided by 858836?
134
Calculate the remainder when 172817276 is divided by 540.
536
What is the remainder when 47510 is divided by 23332?
846
Calculate the remainder when 5022495 is divided by 932.
879
What is the remainder when 35362 is divided by 11700?
262
What is the remainder when 3239059 is divided by 1640?
59
Calculate the remainder when 254624 is divided by 1806.
1784
What is the remainder when 7222055 is divided by 1467?
14
What is the remainder when 43493 is divided by 4337?
123
What is the remainder when 67027 is divided by 58734?
8293
Calculate the remainder when 5693038 is divided by 114.
106
Calculate the remainder when 180572090 is divided by 1649.
1643
What is the remainder when 2272770 is divided by 348?
330
What is the remainder when 287559 is divided by 19495?
14629
What is the remainder when 25362 is divided by 519?
450
Calculate the remainder when 2121750 is divided by 9222.
690
Calculate the remainder when 187794 is divided by 3723.
1644
Calculate the remainder when 245625 is divided by 633.
21
What is the remainder when 44296 is divided by 11007?
268
What is the remainder when 168732 is divided by 24095?
67
What is the remainder when 7080067 is divided by 6390?
6337
Calculate the remainder when 166912 is divided by 3375.
1537
Calculate the remainder when 2174100 is divided by 1769.
1768
What is the remainder when 4817874 is divided by 1316?
1314
Calculate the remainder when 77